= -m**3 - 9*m**2 + 10*m + 22. What are the prime factors of p(-11)?
2, 7, 11
Let b(m) = 32*m**2 + m. Let l be 1*(-2)/(-4)*-2. List the prime factors of b(l).
31
Let d(o) = 26*o**3 + 3*o**2 - 3*o + 4. What are the prime factors of d(2)?
2, 109
Suppose -y = 3*h - 25, 5*h + y - 17 - 24 = 0. Suppose 22 = 5*a - h. What are the prime factors of a?
2, 3
Suppose 3*n = -26 + 248. List the prime factors of n.
2, 37
Let b = 4 - 1. Suppose -4*v - 18 = m - 0*v, -b*m - 3*v - 9 = 0. What are the prime factors of 3*m + 1/(-1)?
5
Let j = -235 - -365. What are the prime factors of j?
2, 5, 13
Let t = 4 + 0. Suppose 0 = 4*s - 3*d - 200, -2*s - 3 = -t*d - 103. List the prime factors of s.
2, 5
Suppose 5*b = b + 12. Suppose b*a = a + 12. What are the prime factors of a?
2, 3
Let b(p) = -p**3 - 9*p**2 + 9*p - 4. Let v be b(-10). Suppose v*q = 5*q + 25. What are the prime factors of q?
5
What are the prime factors of (-18 - 3)/(-2 - -1)?
3, 7
Suppose 2*g - 4*m + 2 = -9*m, 4*g - 8 = -4*m. What are the prime factors of g?
2
Let i be 24/60 - 298/(-5). What are the prime factors of i/(-75) - (-49)/5?
3
Suppose -7 - 25 = -4*x. List the prime factors of x.
2
Let m(l) = 3*l**2 - 1. Let d be m(1). Let i(z) = z**2 - 3*z - 2. Let g be i(d). Let v = g - -14. List the prime factors of v.
2, 5
Let z(l) = -l**3 - 12*l**2 + 8*l + 12. What are the prime factors of z(-13)?
7, 11
Let d = 29 - 25. List the prime factors of d.
2
Suppose 4*a - 2 = -2*r, -r - 2*r = 3*a - 9. What are the prime factors of (43 - 2)/(-4 + r)?
41
Let y be ((-2)/4)/((-1)/(-20)). Let n(g) = 2*g + 2. Let c(i) = -9*i - 9. Let m(b) = 6*c(b) + 26*n(b). What are the prime factors of m(y)?
2, 3
Suppose -2*l + 3*l + 21 = 5*h, -4*h = -l - 17. Suppose -t + h*o - 4 = 0, 0*o = 2*o - 8. What are the prime factors of t?
2, 3
Suppose 19 = 4*q - 385. List the prime factors of q.
101
Let y(t) = t**3 + 11*t**2 + 12*t + 12. List the prime factors of y(-9).
2, 3, 11
Let z(j) = -3*j - 7. Let v be z(8). Let p = -16 - v. List the prime factors of p.
3, 5
Suppose 4*u + 0*u - 52 = 0. What are the prime factors of u?
13
Suppose 3*l = 4*j - 2, 2*j - 2 = -4*l + 10. Let p be 0*(j - 3)/1. Suppose -2*m - u + 12 = -p*m, -u = -m + 6. What are the prime factors of m?
2, 3
Let f = 5 + -1. Let m = f + -2. List the prime factors of m.
2
Let x(i) = 10*i - 23. What are the prime factors of x(18)?
157
Let z(j) = -j**3 - j**2 + j + 30. Let c be z(0). Suppose o = 4*l - 106, -3*o - 114 + c = -3*l. List the prime factors of l.
2, 13
Let i(a) = a**2 + 25. Suppose g + 2 = 3*k, 0 = g + 3 - 1. What are the prime factors of i(k)?
5
Suppose 3*o + 61 = 13. Let q = o - -35. Suppose -2*d + 4*d + 4 = 2*r, -5*r = 4*d - q. What are the prime factors of r?
3
Let g(x) = x**3 + 12*x**2 - 14*x + 2. List the prime factors of g(-13).
3, 5
Let m be 1/2 - (-46)/(-4). Suppose 76 + 0 = -4*p. Let d = m - p. List the prime factors of d.
2
Suppose 3*b - 50 = 34. What are the prime factors of b?
2, 7
Suppose 2*y - 3*p = y + 94, 514 = 5*y - 4*p. Let f = -60 + y. List the prime factors of f.
2, 23
Let h(i) = 2*i**2 + 3*i - 8. Let p be h(-8). Suppose -6*s + p = -2*s. List the prime factors of s.
2, 3
Let b be 7/5 - (-21)/35. Suppose -m + 5*j - 33 = -5*m, m - 5*j = b. What are the prime factors of m?
7
Suppose 22 - 7 = 3*v. Suppose 2*f - 4 = -4*w, 0 = w + 2*f - 2 + 1. Let y = v - w. What are the prime factors of y?
2
Suppose 0*w - 6 = 2*w. Let s be w/6 - (-98)/4. Suppose -4*n + 12 = -s. List the prime factors of n.
3
Let w be 0/(1*(3 + -4)). Suppose w = 2*v + 18 - 46. List the prime factors of v.
2, 7
Let b(d) = d - 6. Suppose -4*a - 24 = -s, 0 = -4*s - 2*a - 4 + 28. Let w be b(s). Let t(q) = 2*q**3 - q**2 - q + 2. What are the prime factors of t(w)?
2, 3
Suppose -f - 3*f - 3*i + 35 = 0, -4*i - 1 = f. Suppose -v + 34 = 3*q, 5*v - f = -4*q + 126. List the prime factors of v.
5
Let f be 13/5 + (-14)/(-35). What are the prime factors of -2 - 0 - (-45)/f?
13
Suppose 401 = 13*s - 1874. List the prime factors of s.
5, 7
Suppose -4*b - 3*n - 35 = -0*b, 3*b + 2*n = -25. Let s = 3 + b. Let o(z) = -z**3 + 3*z + 1. What are the prime factors of o(s)?
3
Let n = -10 + 10. Let w be n/7 - 3*-1. Suppose 5*s - 18 = -w*i, 50 = 5*i + 3*s + 4. List the prime factors of i.
11
Suppose -16 = 2*h + q - 3*q, 22 = -5*h - q. Let l = h + 10. List the prime factors of l.
5
Let n = -189 + 291. List the prime factors of n.
2, 3, 17
Let p = -2 - -4. Let x(g) be the first derivative of g**3/3 + g - 1. List the prime factors of x(p).
5
Suppose -74 - 26 = 5*a. Let z = -9 - a. List the prime factors of z.
11
Let f be (21/5)/(3/15). Suppose -f = 4*l - 81. What are the prime factors of l?
3, 5
Suppose -3*v + 131 - 8 = 0. What are the prime factors of v?
41
Let o be -3*(-6)/(-9)*-2. Suppose -o*l + 28 = -2*l. List the prime factors of l.
2, 7
Let g = 31 - -30. List the prime factors of g.
61
Suppose -2*p - l = l - 16, 5*l = 2*p + 5. List the prime factors of p.
5
Suppose 3*j + 3*l + 2 = -1, -3*j + l + 17 = 0. Suppose 3*a + j - 10 = 0. What are the prime factors of a?
2
Suppose u + 3 - 5 = 0. Let d = u + 2. Suppose -d = -5*b + 16. List the prime factors of b.
2
Let n = -4 - -12. Suppose -n = -c + 11. What are the prime factors of c?
19
Let y(w) = 10*w**3 - 2*w**2 - 2*w - 1. Let a be y(-1). Suppose -25 = -5*j - 100. Let d = a - j. List the prime factors of d.
2
Suppose -2*z + 6 = 3*o, -2*z + 2*o - 4 = -z. Suppose z*j = -j. Suppose j = -3*k + 31 + 5. What are the prime factors of k?
2, 3
Let v(h) = h**2 - 6*h - 6. Let i = 1 - -2. Suppose i*k = -0*k + 24. List the prime factors of v(k).
2, 5
List the prime factors of 6/(-30) + (-182)/(-10).
2, 3
Suppose 2*x = 3*a - 52, -70 = -3*a + x - 14. What are the prime factors of a?
2, 5
Suppose 5*h = 98 + 87. List the prime factors of h.
37
Suppose -3*r = -5*f - 64 + 789, -f + 4*r + 128 = 0. What are the prime factors of f?
2, 37
Let b(r) = -4*r - 29. What are the prime factors of b(-13)?
23
Suppose f = -0*f - 5. What are the prime factors of 0 - (-4)/(-2) - f?
3
Suppose 0 = 4*z - 3*l + 328, -2*l + 0*l = 2*z + 164. Let p = -36 - z. What are the prime factors of p?
2, 23
What are the prime factors of 6/18 + -1 - 16/(-6)?
2
Suppose j - 1 = 2*n - 3*n, 3*n + 5 = 5*j. Let t(c) = 2*c**2 + 4*c**3 + 0 - c - 3*c**3 + 6 - c**2. What are the prime factors of t(n)?
2, 3
Let f(q) = -q**2 + 2*q + 1. Let u be f(2). Let l(a) = 23*a**2 - a + 1. Let d be l(u). Suppose -3*y + 5*s - 3*s = -d, -3*s = -y - 4. List the prime factors of y.
11
What are the prime factors of (255/(-25))/(3/(-45))?
3, 17
Suppose 4*l - 68 = 100. Let h = 30 - l. What are the prime factors of 54/8 + (-3)/h?
7
Let w(y) = -y**3 - 8*y**2 - 6*y + 10. Let d = -44 + 27. Let o = 10 + d. List the prime factors of w(o).
3
Let h(k) = 12*k**2 + 3*k + 2. Let w be h(-3). Suppose -2*g - 3*b + 4*b = -95, w = 2*g - 3*b. What are the prime factors of g?
2, 23
Let u = 31 - 0. Suppose h - u = -9. Suppose -3*t + h = -t. What are the prime factors of t?
11
Let q be 4/(((-8)/6)/4). Let l be (-7)/(-2) + 6/q. Suppose -5*g - l = -13. What are the prime factors of g?
2
Suppose -2*x + 8*x - 378 = 0. List the prime factors of x.
3, 7
Let y(p) = -p**2 + 8*p + 24. Let h be y(11). Let r(n) = -2*n - 5. List the prime factors of r(h).
13
Let p(h) = -13*h - 1. Let s(i) = i**3 + 6*i**2 - 8*i - 8. Let x be s(-7). Let m be p(x). List the prime factors of ((-40)/m)/(2/(-6)).
2, 5
Let r = 96 - -79. List the prime factors of r.
5, 7
Suppose 0*s - 2*s = -28. Suppose s*q - 65 = 9*q. List the prime factors of q.
13
Let h(l) = l + 4. Let v be h(0). Suppose -v*x + 4 = -28. What are the prime factors of x?
2
Let i(a) = -3*a - 19. What are the prime factors of i(-14)?
23
Suppose 24 = -2*s - 4*t, s - 6*t + 12 = -2*t. Let p = s - -31. What are the prime factors of p?
19
Let a = -21 - -110. Suppose 4*r = a + 75. Let g = 58 - r. What are the prime factors of g?
17
Let p be -2 - (-2)/(-5 + 3). Let u(z) = -2*z**2 - 2*z**2 + 3*z**2 - 3*z + 3. List the prime factors of u(p).
3
Let i(r) = -r**3 + 8*r**2 - 5*r. Let l be i(5). Suppose -3*s + l = -4*m, -4*s + m + 30 = 3*m. What are the prime factors of s?
2, 5
Let v = -27 + 49. Let x = v + -9. Let u = x - -2. List the prime factors of u.
3, 5
Let s(l) = l**3 + 9*l**2 - l - 2. Let f = -6 + -3. What are the prime factors of s(f)?
7
Let z